547*b - 15845. Calculate s(-6).
13
Let f(x) = 39336*x - 236023. What is f(6)?
-7
Let d(b) = b**3 + 49*b**2 - 965*b - 42070. Give d(-52).
-2
Let f(y) = -y**3 + 152*y**2 + 649*y - 28526. Calculate f(155).
-6
Let t(x) = -3*x**2 - 277*x - 5073. What is t(-25)?
-23
Let u(v) = -27*v**2 + 1328*v + 1341. Give u(-1).
-14
Let p(z) = 2464*z - 384380. Determine p(156).
4
Let i(u) = 6*u**2 - 362*u - 2937. Calculate i(-8).
343
Let z(s) = 3180*s - 6506. What is z(2)?
-146
Let r(q) = -3970*q - 309658. Determine r(-78).
2
Let z(p) = -4076*p + 39548. What is z(10)?
-1212
Let p(n) = -27*n**3 + 2*n**2 - 218*n + 638. Determine p(3).
-727
Let g(p) = p**3 + 138*p**2 + 818*p + 913. Give g(-132).
-2519
Let w(q) = -134666*q + 1615921. What is w(12)?
-71
Let l(y) = -311*y**3 - 11*y**2 - 11*y - 1. Calculate l(-2).
2465
Let b(a) = a**2 - 3115*a + 974981. Calculate b(353).
-5
Let z(q) = 195*q - 3820. Calculate z(10).
-1870
Let k(c) = -3*c**2 + 934*c + 20108. Give k(-20).
228
Let s(b) = 2208*b - 24445. Calculate s(11).
-157
Let g(y) = -244*y - 23646. What is g(-97)?
22
Let d(u) = u**3 + 27*u**2 - 48*u + 141. Give d(-29).
-149
Let h(z) = z**2 + 30264*z - 3219211. Give h(106).
9
Let u(m) = -15688*m + 47328. Give u(3).
264
Let z(p) = -2*p**3 - 73*p**2 + 513*p - 726. Determine z(2).
-8
Let k(g) = -29*g**3 + 66*g - 64. Determine k(1).
-27
Let g(j) = 2*j**2 - 8*j - 53324. Give g(-162).
460
Let x(m) = 11*m**2 + 190*m + 467. What is x(-15)?
92
Let i(h) = h**3 - 4*h**2 + 328*h - 2059. Determine i(6).
-19
Let w(s) = -4*s**2 + 2613*s + 399996. Give w(-128).
-4
Let a(x) = -50*x**2 + 4141*x + 743. Give a(83).
-4
Let u(q) = -670*q**2 + 15430*q - 452. Calculate u(23).
8
Let q(d) = 2781*d - 2085748. Determine q(750).
2
Let j(h) = 40*h**2 - 984*h + 563. What is j(24)?
-13
Let s(h) = -h**2 - 198*h + 7206. Calculate s(36).
-1218
Let b(m) = -41898*m + 251466. Determine b(6).
78
Let b(l) = 2*l**3 - 39*l**2 - 571. Calculate b(20).
-171
Let i(o) = 66023*o + 330117. What is i(-5)?
2
Let c(t) = -4*t**2 + 500*t + 5432. Give c(-10).
32
Let s(n) = 2*n**2 - 397*n + 4454. What is s(187)?
153
Let z(j) = 1294*j + 146139. Give z(-113).
-83
Let f(d) = 6976*d - 104807. Calculate f(15).
-167
Let l(h) = -h**2 + 464*h + 58408. Give l(-103).
7
Let m(q) = -4744*q - 66472. What is m(-14)?
-56
Let a(c) = 5428*c - 97708. What is a(18)?
-4
Let q(j) = -4702*j + 2807231. Give q(597).
137
Let a(s) = -2*s**3 - 57*s**2 - 4011*s - 106112. Give a(-27).
-2
Let x(y) = 1886*y + 101490. What is x(-54)?
-354
Let t(o) = -o**2 - 64616*o + 710886. Calculate t(11).
-11
Let v(m) = -m**3 + 16*m**2 + 27*m - 289. What is v(17)?
-119
Let v(r) = 73*r**2 - 734*r + 33. What is v(10)?
-7
Let h(d) = -4*d**3 + 4*d**2 + 20*d - 32. What is h(3)?
-44
Let d(j) = -j**2 - 437*j - 39176. What is d(-311)?
10
Let m(u) = -13675*u**2 - 123017*u - 12. What is m(-9)?
-534
Let d(f) = -3*f**3 + 46*f**2 - 226*f + 182. Give d(5).
-173
Let c(t) = -1901*t - 40005. What is c(-21)?
-84
Let q(m) = -7*m**3 - 426*m**2 + 42*m - 1145. Determine q(-61).
14
Let d(c) = 240*c + 731. Determine d(-4).
-229
Let v(i) = 2*i**2 + 288*i + 4995. Calculate v(-20).
35
Let q(r) = -r**3 - 17*r**2 + 102*r + 1088. Give q(-19).
-128
Let i(d) = -3*d**2 - 85*d - 616. Give i(-8).
-128
Let f(x) = x**3 + 30*x**2 - 65*x - 31. Give f(-32).
1
Let v(r) = r**3 + 181*r**2 + 1715*r - 206. What is v(-171)?
-1061
Let b(d) = -d**3 + 1586*d**2 - 228159*d - 140. What is b(160)?
20
Let f(n) = 965*n + 54019. Calculate f(-56).
-21
Let k(p) = p**3 - 210*p**2 - 1062*p - 2675. Calculate k(215).
120
Let l(q) = -q**3 - 68*q**2 - 443*q - 1019. Calculate l(-61).
-43
Let i(x) = 1952*x + 15852. Give i(-8).
236
Let p(n) = -6*n**3 + 45*n**2 - 10*n - 224. Determine p(6).
40
Let h(k) = -1263*k - 380211. What is h(-301)?
-48
Let c(l) = -5*l**2 - 728*l - 13930. Give c(-123).
-31
Let t(d) = -d**3 - 34*d**2 - 110*d - 3734. Calculate t(-34).
6
Let l(j) = 3*j**3 - 276*j**2 - 1766*j - 267. What is l(98)?
-463
Let i(u) = -11637*u + 3991510. Determine i(343).
19
Let k(u) = 652*u - 75769. Calculate k(116).
-137
Let m(q) = 157*q - 3834. Determine m(21).
-537
Let u(p) = 231*p - 2571. Determine u(13).
432
Let r(n) = 30903*n + 463538. What is r(-15)?
-7
Let f(d) = -13*d**3 - 377*d**2 - 1887*d + 29. Determine f(-5).
1664
Let p(v) = -v**2 - 63*v + 868. Calculate p(7).
378
Let v(o) = -3*o**2 - 38*o + 175. Calculate v(-23).
-538
Let c(s) = s**3 - 67*s**2 + 1043*s - 64484. Give c(66).
-2
Let y(i) = -77*i**2 - 521*i + 518. Determine y(1).
-80
Let w(v) = -9445*v - 3079076. Determine w(-326).
-6
Let n(y) = -9141*y - 18286. Give n(-2).
-4
Let n(m) = 16*m**3 - 5*m**2 - 97*m - 89. Calculate n(-1).
-13
Let z(s) = -13683*s - 68347. Give z(-5).
68
Let t(v) = -2*v**3 - 19*v**2 + 493*v + 3704. Give t(-7).
8
Let b(c) = c**2 + 204*c - 15826. Calculate b(60).
14
Let f(h) = 30*h**2 - 11843*h - 2747. Determine f(395).
18
Let a(u) = 14*u**3 - 109*u**2 + 140*u - 1104. Calculate a(8).
208
Let i(n) = n**2 + 571*n + 76821. Calculate i(-216).
141
Let a(k) = -516*k**2 - 3232*k - 434. Give a(-6).
382
Let w(y) = 95817*y + 191611. What is w(-2)?
-23
Let g(p) = 5*p**2 + 370*p + 2208. What is g(-71)?
1143
Let u(f) = 4*f**2 + 14381*f - 14382. Give u(1).
3
Let d(n) = -395*n**2 - 10303*n - 841. Give d(-26).
17
Let s(x) = x**3 + 133*x**2 + 4295*x + 236. Give s(-55).
-39
Let b(q) = 16*q**2 - 33*q + 183. Give b(7).
736
Let z(g) = 267*g**2 + 22959*g - 226. Determine z(-86).
32
Let u(l) = l**3 + 10*l**2 - 272*l + 2482. Determine u(-25).
-93
Let o(r) = -24*r**3 - 5*r**2 - 113*r - 281. What is o(-5)?
3159
Let r(y) = -2326*y**3 - 104669*y**2 + 47*y + 66. What is r(-45)?
-24
Let d(k) = 879*k + 9237. Determine d(-6).
3963
Let l(d) = 9*d**3 - 2226*d**2 + 749*d + 185. What is l(247)?
2161
Let g(a) = -7*a**2 - 543*a + 39119. What is g(-123)?
5
Let n(k) = 10759*k - 129106. Give n(12).
2
Let m(n) = n**2 + 130*n + 1316. Give m(-118).
-100
Let r(y) = 3*y**3 + 10*y**2 + 1545*y + 13968. Determine r(-9).
-1314
Let o(n) = -n**3 - 50*n**2 - 433*n - 7413. Determine o(-44).
23
Let y(a) = 212*a**3 - 1488*a**2 - 12*a + 54. Give y(7).
-226
Let q(c) = -11193*c - 11220. What is q(-1)?
-27
Let g(y) = y**3 - 93*y**2 + 1903*y + 1574. Determine g(32).
6
Let v(z) = -40254*z - 362436. What is v(-9)?
-150
Let l(p) = 584*p - 185682. Give l(318).
30
Let w(m) = 4*m**2 + 1320*m + 56921. What is w(-279)?
5
Let u(f) = 2929*f - 5681. Calculate u(2).
177
Let j(s) = 4*s**2 + 105*s - 797. Calculate j(-22).
-1171
Let r(d) = -3*d**2 - 73*d + 3216. Give r(-47).
20
Let z(j) = -1913*j - 99508. Calculate z(-52).
-32
Let k(z) = -z**3 + 282*z**2 + 804*z + 181139. Calculate k(287).
42
Let y(x) = 2*x**2 - 11466*x + 194850. Give y(17).
506
Let u(d) = -d**2 - 5002*d - 252338. Calculate u(-51).
163
Let i(j) = 228*j**2 + 7531*j - 22604. Give i(3).
2041
Let k(u) = 1336*u**3 - 3984*u**2 - 116*u - 3. Give k(3).
-135
Let a(g) = -2*g**2 + 48*g - 266. Calculate a(13).
20
Let x(y) = 30*y**2 - 596*y + 437. Calculate x(19).
-57
Let r(z) = 578*z + 2639. Determine r(-5).
-251
Let i(g) = -11*g**3 - 336*g**2 - 499*g + 204. Give i(-29).
378
Let f(b) = 1581*b - 113811. What is f(72)?
21
Let z(j) = 77*j**3 + 2774*j**2 + 72*j - 6. Determine z(-36).
-6
Let h(g) = g**3 - 40*g**2 - 535*g + 290. What is h(-11)?
4
Let y(o) = -73237*o**2 - 292948*o - 3. Determine y(-4).
-3
Let h(q) = -3*q**2 + 856*q - 6874. What is h(277)?
51
Let r(b) = 31*b - 4213. Give r(156).
623
Let s(z) = -2458*z**2 - 22139*z - 51. Determine s(-9).
102
Let v(x) = -111305*x - 76. Give v(0).
-76
Let c(d) = 17*d + 215. What is c(-2)?
181
Let y(h) = 156657*h - 2506523. Calculate y(16).
-11
Let d(l) = 324950*l + 1949719. Calculate d(-6).
19
Let b(y) = -152689*y - 49929298. Determine b(-327).
5
Let z(t) = -1437*t - 8159. Calculate z(-5).
-974
Let n(h) = -12621*h - 75754. What is n(-6)?
-28
Let k(c) = -c**3 + 3*c**2 + 19166*c + 1954. Determine k(140).
-6
Let o(t) = t**2 + 882*t - 34215. Calculate o(37).
-212
Let l(i) = 10*i**3 + 59*i**2 + 224*i + 1318. Determine l(-6).
-62
Let p(x) = 6367*x + 40253. Calculate p(-7).
-4316
Let r(i) = -93051*i + 558044. Calculate r(6).
-262
Let o(l) = l**2 + 34797*l - 1986659. Calculate o(57).
19
Let h(o) = 7*o**2 - 1300*o - 5169. What is h(-4)?
143
Let i(k) = -2*k**3 - 123*k**2 - 712*k + 162. Give i(-55).
-3
Let f(t) = -136*t**2 + 2173*t - 17. Dete